) = 43*v - 51. Is i(10) composite?
False
Let g = 12 - 19. Let l(i) = -i**3 - 8*i**2 - 7*i + 5. Let d be l(g). Suppose d*w - 782 = 1023. Is w a composite number?
True
Let y = 26904 - 15363. Is y a composite number?
True
Is (-9)/12*(-507332)/21 composite?
False
Let a(v) = 602*v - 11. Is a(1) a prime number?
False
Let h(z) = z**3 - 13*z**2 - 6*z - 8. Let f be h(10). Suppose -1018 = 2*t + 4*k, 3*k - 42 = 5*t + 2555. Let j = f - t. Is j a composite number?
False
Let v(m) = 177*m**3 + 3*m**2 - 19*m - 7. Is v(6) a prime number?
True
Suppose 2*g - 3*x = -9, g - 3 + 15 = 4*x. Suppose g*h + 5*h = 25. Suppose h*d + 0*d - 165 = 0. Is d prime?
False
Is 4645 + 4*(4 + -6)/(-4) a prime number?
False
Let r be 9/(54/40)*3/2. Is (4/r)/(7/7175) - -3 a composite number?
True
Suppose 3*s - n + 0*n + 10 = 0, -2*s = -3*n + 9. Let v be 4/s*9/(-6). Is v/(-7) - (-7395)/35 a composite number?
False
Suppose 3*l = c + 8, -4*c - 3*l + 6 = -7. Is c/(-9)*3 - (-1220)/6 composite?
True
Suppose 0 = -10*u + 6*u + 1840. Let v = 951 - u. Is v a prime number?
True
Suppose 3 = -3*v, 22*v = t + 25*v - 11010. Is t a prime number?
False
Let h = 10658 - -1229. Is h a composite number?
False
Let u be (-5)/(4/((-72)/15)). Suppose u = -2*x + 2. Is 6/(-9)*345/x composite?
True
Let b(q) = q**3 + 6*q**2 - 5*q + 8. Let z be b(-9). Let i = 317 + z. Is i composite?
False
Let u = -20 - -22. Is ((-2)/u)/((4 - 5)/1693) a composite number?
False
Suppose 0 = w + 4, 3*r - 5*w + 2*w = 18. Let b be (-1)/r - (-21)/(-6). Let d(t) = t**2 - 2*t - 5. Is d(b) a composite number?
False
Suppose 0 = 2*j - 0*j + 10, -3*j = -5*x + 24230. Is x composite?
True
Is (10 - 520/39)*(-2559)/2 a composite number?
True
Let b = 4542 - 14928. Let i be (-4)/(-14) + b/(-7). Suppose -12*f + 16*f = i. Is f prime?
False
Suppose 4*q + 3*n = n + 1216, 3*q - 913 = -n. Let c = 471 - q. Is c*(-2)/4*-1 a prime number?
True
Let t be -1 - -1 - (-14 + 11). Suppose -2*k - j - 4 + 16 = 0, -t*j = 4*k - 26. Suppose 0 = k*l - 8*l + 111. Is l composite?
False
Suppose -13227 = 18*b - 21*b. Is b composite?
False
Let p(i) = i**3 - 17*i**2 - 14*i - 14. Let d be p(18). Let j = d - 55. Is j composite?
False
Suppose 0 = 4*s - 3*n - 3245, -2*n + 4039 = -24*s + 29*s. Is s composite?
False
Suppose -u - u - 4 = 0. Let j(y) = 1 - 210180*y + 36*y**2 + 210175*y - 6. Is j(u) a composite number?
False
Let l = 25 - 14. Let o(z) = -2*z - 7 + 10*z + l*z. Is o(4) a composite number?
True
Let s = 1439 - 3553. Let x = -1467 - s. Is x composite?
False
Suppose 8 = 5*i - 52. Let m be (-16)/6 + i/18. Is 1/m*(-646)/17 composite?
False
Let n = -684 + 1847. Is n composite?
False
Let g = 84331 - 54180. Is g a prime number?
False
Let i(o) = -25*o**3 - 3*o**2 - 17*o + 2. Is i(-5) a prime number?
True
Suppose 24*j = 19*j + 2385. Suppose 2*l - 336 = -2*y, 2*y + 139 = -3*l + j. Is y a composite number?
True
Suppose -24552 = -15*n + 373398. Suppose 2*y - n = -12*y. Is y prime?
False
Suppose -4*t + 3*m = 8, -7*t + 3*t = 3*m + 8. Is (21/(-14))/(t/388) a composite number?
True
Suppose -7 = -4*r + 5*z + 12, 11 = 2*r - z. Let f be 3/(3 + r)*0. Suppose f = -2*i + 6, 4*o - 2*i = 291 + 331. Is o a prime number?
True
Let o = -54 + 63. Is 2/o - 146300/(-99) a composite number?
True
Suppose 0 = 3*p - 3 + 36. Let v be p/(-11) - 1*-1. Suppose 7*b - v*b - 69 = -2*o, -4*o + 93 = b. Is o a prime number?
False
Suppose 4*s + 5992 = 4*l, -l - 2*s = l - 2992. Suppose 3*f = -0*f + l. Is f composite?
False
Suppose -3760 - 130 = -5*i. Let l = -555 + i. Is l composite?
False
Let c(g) be the first derivative of -g**3/3 + 7*g**2 + 9*g - 1. Suppose -6*l - 3*k - 15 = -9*l, 3*l + 4*k - 50 = 0. Is c(l) a composite number?
True
Suppose -3*w + 45 = -d + 4*d, 5*d = 5*w + 25. Suppose 11*u - 211 = d*u. Is u + -1 + 4/4 prime?
True
Suppose 4*f - 24 = -0*f. Let o(x) = -13*x**3 + 4*x**2 + 4*x - 8. Let w be o(f). Is (w/(-40))/((-2)/(-10)) prime?
True
Suppose 2*u + 15 = -2*d - 15, -3*u - 55 = d. Let r = u - -21. Is 585/12 - r/(-4) a prime number?
False
Let c(k) = k**3 + 10*k**2 - 3*k + 19. Suppose 3*s - 5*s - 2*z = 14, 0 = -2*s - 5*z - 8. Is c(s) composite?
False
Suppose 1352 + 2908 = 5*u. Suppose 0 = -5*z - 4*l + 1225, 5*z - u - 388 = -l. Let v = -14 + z. Is v composite?
True
Let z be -1*3/9 + 1084/3. Suppose -2*n = w - 1193, -2*w = n - z - 234. Is n composite?
True
Is (-4)/38 - (-29043333)/627 a composite number?
True
Suppose 0 = 24*x + 143761 - 521209. Is x prime?
True
Let a(x) = -3*x**2 + 35*x - 2. Let w be a(19). Let k = w - -673. Is k composite?
True
Let v(g) = 235*g**2 - 33*g - 111. Is v(-10) a composite number?
False
Let s(o) = -3278*o - 9. Is s(-2) a prime number?
True
Let r(i) = -i**3 - 15*i**2 - 15*i - 12. Let t be r(-14). Suppose t = -2*k - 0, -2*f + 3*k = -1321. Is f a prime number?
True
Let i(v) = 0 + 226*v**2 + 5 + 2*v - 8 + v. Is i(2) prime?
True
Suppose 0 = -3*v + 4*l + 29945, 23*v - 24*v = 5*l - 9988. Is v prime?
False
Let c be (-2)/((-24)/604)*-9. Let l = -282 - c. Suppose -k + l = -4*n, 2*k + n - 394 = -4*n. Is k a prime number?
False
Let w(z) = z**3 - 3*z**2 - 5*z - 3. Let t be (-4 + 2)*(-6)/(-4). Let d be w(t). Let k = d - -245. Is k prime?
False
Let b be (1 + -4)*78/9. Let g be 28 - ((1 - -1) + -1). Let z = g - b. Is z a composite number?
False
Suppose w - 192 = -0*w. Suppose -2*d = -7*d. Suppose w = 2*x + 2*y - d*y, 81 = x - 2*y. Is x a composite number?
True
Let p(r) = -120*r**2 + 25*r - 1. Let m(k) = 121*k**2 - 26*k + 1. Let x(t) = 5*m(t) + 4*p(t). Is x(6) composite?
True
Let t(b) = 4*b**3 + 3*b - 3. Let w be t(1). Is (w - (-1143)/2)*2 prime?
True
Suppose -4 = -4*m - 4*j, m + 0 = -4*j - 2. Suppose -8*d = -m*d - 4014. Is d prime?
False
Suppose 8 = -3*u + 5*u. Suppose l - 3*m = 6*l - 1319, -l - u*m + 257 = 0. Is l composite?
True
Suppose 542 = q - 1193. Is q a composite number?
True
Let f(j) = j**3 + 8*j**2 - 8*j + 4. Let t be f(-9). Is t*892/(-40)*4 a prime number?
False
Suppose 10*s = 2*s + 32. Suppose -3*r + v - 293 + 6276 = 0, -5*r - s*v = -9966. Is r composite?
True
Let q = 35 - -49. Is q/378 - ((-5918)/(-9))/(-2) composite?
True
Suppose 4*n + 3*w = 39588, n + 3*w + 3431 = 13328. Suppose -3*v = -0*v - n. Is v prime?
True
Is (6/(-30))/(3 - 839748/279915) a composite number?
False
Let m(h) = h**2 - 5*h - 24. Let s be m(8). Suppose w = 2*g - 1177, 4*g = -s*g + w + 2351. Is g composite?
False
Let t(x) = x**3 - 7*x**2 + 2*x + 9. Let g be t(5). Let c = g + 20. Is -148*(c/4 + 2) a composite number?
True
Let a = -98 - -100. Suppose 2*n = x - 1855 - 334, a*n = 5*x - 10945. Is x a prime number?
False
Let z(i) = -4 - 5 - 5 - 13*i. Suppose 5*v = -2*g - g - 6, g = 5*v - 22. Is z(g) a composite number?
True
Let g(d) = -2*d + 11. Let k be g(-2). Is (-17)/(2040/(-16)) - (-8113)/k a composite number?
False
Suppose 0*d = 6*d. Suppose 4*t = 2*h - 1684, -4*h + 2*h - 2*t + 1654 = d. Is 3*(2 + h/6) a composite number?
True
Let z(w) = -62*w**3 - w**2 + w - 3. Is z(-2) a prime number?
True
Let x(g) = 120*g**2 + 164*g - 15. Is x(-11) a prime number?
False
Let o = 235 + -231. Let y(u) = 25*u**2 - 5 + 0*u + 0 + 6*u. Is y(o) prime?
True
Let s(l) = 5*l**3 + l**2. Let a be s(1). Let k be a/12 + (-2)/4. Suppose -v - v + 356 = k. Is v a prime number?
False
Suppose 0 = -0*t + t + 1370. Let m = -879 - t. Is m a composite number?
False
Is 1440/2 - ((-35)/(-7) + -4) a prime number?
True
Let h = 38244 + -20777. Is h composite?
False
Let h = -67 + 19. Let c = 556 + h. Suppose -4*t + 1512 = -4*x + c, -753 = -3*t - 5*x. Is t a composite number?
False
Let x be 10/6*(-81)/(-27). Suppose x*a + 1591 - 11106 = 0. Is a a prime number?
False
Let u = 306 + -531. Suppose -56 = -5*d - 286. Let o = d - u. Is o a prime number?
True
Suppose 14202 = 6*b + 5136. Is b composite?
False
Suppose -2*r - 11*t + 6*t + 5773 = 0, 4*t + 2906 = r. Is r prime?
False
Suppose -15*j + 10309 = -4886. Suppose 0 = -4*o + v + j, 0*o = -4*o - 4*v + 1008. Is o prime?
False
Let k(r) = 5*r + 4*r**2 - 4*r - 3*r**2. Let q be k(0). Suppose w - 62 = -5*g, 3*g + q*g - 299 = -4*w. Is w composite?
True
Suppose 1316 - 444 = 8*o. Let v be -6*o/(-2)*-1. Let m = -200 - v. Is m a prime number?
True
Let a = -295 - -298. Let i be 3/12 - (-2471)/4. Suppose 3*j = a*p + i, 2*j = -2*p + 276 + 124. Is j composite?
True
Let m(b) = -117*b - 4. Let h be m(-15). Suppose -3*v + h = 4*f, -